675)/100.
2, 53
List the prime factors of 597*6/18 + -3.
2, 7
Suppose 0 = -2*h + 4*h + 134. Let f = h - -106. What are the prime factors of f?
3, 13
Suppose -o - 5*h + 7 = 0, -14 = -5*o - 0*o - 4*h. Suppose d = -o*d. Suppose -v + x = -2*v + 6, 3*x = d. List the prime factors of v.
2, 3
Let m(u) = -u**3 - 3*u**2 - u + 2. Suppose 0 = -3*q + 2*q - 2. Let h be m(q). Suppose 0 = -i + 2 - h. List the prime factors of i.
2
Let f(r) = r + 4. Let v be f(5). Suppose 4*p - 20 = 3*p. List the prime factors of p/3 - (-3)/v.
7
Suppose r - 5*r = -2*l - 18, -3*r + 18 = 3*l. What are the prime factors of (-7)/((0 + l)*-1)?
7
Suppose 3*c = 2*m - 5*m + 375, 2*c - 262 = 4*m. Let l = c + -87. What are the prime factors of l?
2, 5
Suppose -5*i + 365 = -5*g, -4*i - i - 315 = 5*g. Let x = 112 + g. What are the prime factors of x?
2, 11
Let p(g) = g**2 + 3*g. Let r be p(-3). Let t = 69 + -43. Suppose -5*h - 3*d + 16 = r, 3*d + t = 4*h + d. What are the prime factors of h?
5
Suppose -24 = -4*h - 4*q, -h + 12 + 4 = 3*q. What are the prime factors of (h*5)/(1 + 0)?
5
Suppose 4*r - 3 = 21. Let v(z) be the third derivative of z**4/24 + 2*z**3/3 - z**2. List the prime factors of v(r).
2, 5
Suppose -5*f + 315 = -0*d + 2*d, -3*f + 5*d + 220 = 0. What are the prime factors of f?
5, 13
Let g be 0/((-4)/6*-3). Suppose 4 = u - g. Suppose d = u*s - 0*s + 11, -4*d + 5*s + 33 = 0. List the prime factors of d.
7
Let o be 10/(-2 + 0) - -2. Let j(g) = -2*g + 2. What are the prime factors of j(o)?
2
Let m(x) = 2*x + 44. Let y be m(-17). Let p = 10 + -5. Suppose p*f - 17 = -2*u, -2*f - u + y = f. What are the prime factors of f?
3
Let b(j) = 2*j**2 - 4*j**2 + 2 - 5*j**2 + j**3 + j + 1. Let l be b(7). Suppose 0 = 2*f + 4 - l. What are the prime factors of f?
3
Let f = -3 - -15. Suppose 5*q - 3*n = -f, -4*q + n - 6*n + 20 = 0. Suppose q = -i + 2, -2*c + 0*c = -3*i - 18. List the prime factors of c.
2, 3
Let y(w) be the second derivative of 3*w**5/20 - w**4/6 + w**3/3 + w**2 - 3*w. List the prime factors of y(2).
2, 11
Let u be (0/(-2 + 1))/1. Let l(d) = -d + 4. What are the prime factors of l(u)?
2
Let c(g) = -g**3 + g**2 - g + 6. Let v be c(0). Suppose 5 = u, -3*j + v*u = 2*u + 11. List the prime factors of 12 - 3/(-2 + j).
3
Let b(p) = 7*p**2 - 1. Suppose 3*c - 3 = -0*c. Let j be b(c). Let l = j + 6. List the prime factors of l.
2, 3
Let t be (-1)/6 - 25/(-6). Suppose d = -t*d. Suppose x + 3*a - 5 + 1 = d, 0 = 4*x - 3*a - 31. List the prime factors of x.
7
Let p(v) = -v**3 - 8*v**2 - 2*v + 8. Let d be p(-7). Let b = 57 + d. List the prime factors of b.
2, 3, 5
Suppose 0 = -3*u + 12, 2*k = 3*k + 3*u - 38. List the prime factors of k.
2, 13
Suppose -4*w = 3*x - 6, 4*x - 3*x + 2 = 0. Suppose -w*d + 3 = o, o = -1 - 2. Suppose -1 = d*f - 25. What are the prime factors of f?
2, 3
Suppose 4*o + 0*x - 2*x = -8, 2*o + 16 = -2*x. What are the prime factors of o/(-12) - 231/(-9)?
2, 13
Let n be 133/(-9) - 4/18. Suppose -2*r - 6 = -54. Let d = n + r. What are the prime factors of d?
3
Let j(t) be the second derivative of t**4/12 - 3*t**3/2 + 5*t**2 + t. Suppose 0 = -0*q - q + 9. List the prime factors of j(q).
2, 5
Suppose 0 = 66*g - 68*g + 660. List the prime factors of g.
2, 3, 5, 11
Suppose -o + 149 = x, 0*x - 596 = -4*x - 2*o. What are the prime factors of x?
149
Let n = -36 - 57. Let g = -56 - n. What are the prime factors of g?
37
Let q = -113 - -163. What are the prime factors of q?
2, 5
Suppose 5*m + 270 = 10*m. List the prime factors of m.
2, 3
Let j = 8 + 2. List the prime factors of (-8 - 0)*(-5)/j.
2
Let o = -163 + 252. What are the prime factors of o?
89
What are the prime factors of (28/6 + -5)/(1/(-18))?
2, 3
What are the prime factors of 9 + -8 - (-82)/1?
83
Let m be -1*21 - (0 - 0). Let k = -13 - m. Suppose 5*c = -2*s - k, c - 8 = 3*c. List the prime factors of s.
2, 3
Suppose 0*x = x - 10. List the prime factors of x.
2, 5
Suppose 16 = 4*h - 3*y, -h - 4*y = -9*y - 4. Suppose -u - h = -4*l + 2, 26 = 3*u - l. What are the prime factors of u?
2, 5
Let v(b) = 2*b**2 - b + 1. Let y be v(4). Suppose -3*x = -y + 2. Let q = -5 + x. List the prime factors of q.
2
Let p(x) = -14*x**3 - 47*x**2 - 32*x - 45. Let i(h) = -5*h**3 - 16*h**2 - 11*h - 15. Let c(q) = -17*i(q) + 6*p(q). What are the prime factors of c(11)?
3, 17
Suppose -92 = -2*d + 18. List the prime factors of d.
5, 11
List the prime factors of 25 - ((-6)/(4 - 1) + -1).
2, 7
Suppose 0*t + 3*t = 3. Let h be 51/18 - t/(-6). Suppose -2*w + 35 = 5*b, -h*b + 2*b = -3*w + 27. What are the prime factors of w?
2, 5
Let f = 2 - -7. What are the prime factors of f?
3
Let a = 432 - 293. What are the prime factors of a?
139
List the prime factors of (-6 + 4)/(5/(-30)).
2, 3
Let m(t) = -t**2 + 46. What are the prime factors of m(0)?
2, 23
Let q = -5 - -5. Suppose -o - 1 + q = x, -3*o + 5 = 5*x. Let u = x - 0. List the prime factors of u.
2
Let d(i) = i - 1. Let z be d(5). Suppose z*l + 5*o - 39 = 0, 27 = 5*l - 2*l + 3*o. List the prime factors of l.
2, 3
Let f(q) = 7*q. Let j(w) = -20*w - 1. Let z(y) = -11*f(y) - 4*j(y). Suppose 0 = -i - 3*o + 12, 6 = -2*i + 3*o + o. What are the prime factors of z(i)?
13
Let m(t) = -t**2 + 7*t - 5. Let f be m(7). Let y be (1 - 0/2) + -16. List the prime factors of 6/y + (-57)/f.
11
Let k(v) = -v + 141. What are the prime factors of k(0)?
3, 47
Let u be 34/10 - (-3)/5. Suppose d + 2 = u. Suppose g = n - g - 18, 0 = -d*g - 10. List the prime factors of n.
2
Let y = 108 + -76. Let j = y - -13. What are the prime factors of j?
3, 5
Suppose 7*b = 11*b - 160. List the prime factors of b.
2, 5
Suppose 0 = -4*o + 5*y + 9, o + 0*y = -4*y - 3. Let q = 15 - o. Let x = 26 - q. What are the prime factors of x?
2, 3
Suppose 3*a + 3*b = -60 - 66, -b - 120 = 3*a. What are the prime factors of 14/91 + (-774)/a?
2, 5
Suppose 4*p = -0 + 20. Suppose -30 = -p*j - 0*j. Suppose -c + 3 = -j. What are the prime factors of c?
3
Let m = 10 + 0. Suppose 0 = -0*k + 5*k + 45. What are the prime factors of (-6)/k - m/(-3)?
2
List the prime factors of (-2)/(-15) + (-61620)/(-225).
2, 137
Suppose -q + 0 = -1. Let w(b) be the first derivative of 2*b**4 + b**2 - b - 2. What are the prime factors of w(q)?
3
Let g(j) = -6*j**3 - 1. Let c be g(-1). Suppose 3*i = 3*x - x - 16, -20 = 5*i. Suppose 0*f + f - 27 = -c*w, -x*f = 2*w - 30. What are the prime factors of f?
2, 3
Suppose 2*x - 4*a = 4*x - 134, -3*a + 263 = 4*x. What are the prime factors of x?
5, 13
Suppose 2 = -0*c - c. Let i be 35/(-4) + c/8. List the prime factors of 3/((-21)/i - 2).
3
List the prime factors of ((-96)/(-8))/(4/6).
2, 3
Let j = -15 - -30. List the prime factors of j.
3, 5
Let l(j) be the third derivative of j**6/120 - j**5/20 - j**4/8 - j**3/6 - 10*j**2. Let m = -6 + 10. What are the prime factors of l(m)?
3
Suppose 3*f - 1015 = -2*f. List the prime factors of f.
7, 29
Suppose 8*a = 6*a + 148. List the prime factors of a.
2, 37
Let o(i) be the third derivative of 3*i**5/20 + i**3/3 + 9*i**2. What are the prime factors of o(-2)?
2, 19
Let r = 8 - 5. Suppose -4*n + 4*q = -5 - 23, -3*n = -q - 15. Suppose -r = o + 2*b, -6*o + n*o + 3 = b. What are the prime factors of o?
3
Let f = 2 - 2. Suppose f*o - 5*o + 36 = -3*y, 2*o - 3*y = 18. What are the prime factors of o?
2, 3
Let x(o) = -15*o + 34. What are the prime factors of x(-7)?
139
Let t = -58 - -84. Let y be t/(-4) + (-2)/4. What are the prime factors of 1*(-1 - -4) - y?
2, 5
Let k(s) = s**2 + 10*s + 11. Let l be k(-11). Suppose -2*c = 4*o - l, -3*c + 2*c = o - 7. Suppose 41 = o*p - 3. List the prime factors of p.
11
Suppose -5*l + 191 = 4*v - 42, -2*l + 113 = -5*v. Let a = l - 33. What are the prime factors of a?
2
Let r(i) = 6*i**2 + 3*i - 3. What are the prime factors of r(2)?
3
Suppose x = -x + 8. Let r(h) = 2*h**3 - 7*h**2 + 5*h + 3. List the prime factors of r(x).
3, 13
Let h = -10 - -12. Let i = -1 + 5. Suppose t - h*t = -i. List the prime factors of t.
2
Let r(x) = 20*x**2 + 2*x - 1. Let v be r(1). Let h = 30 - v. What are the prime factors of h?
3
Let w(p) = -2*p + 10. Let a be w(8). List the prime factors of (-369)/a*10/15.
41
Suppose 13*p - 9*p - 812 = 0. What are the prime factors of p?
7, 29
Let f(g) = g**3 - g**2 + 3. Let i be f(0). Suppose -3*z + 0 = i. List the prime factors of 2/z - (-3 + -3).
2
Let z b